s 181286 a multiple of 322?
True
Does 6 divide 303267?
False
Does 374 divide 1225972?
True
Is 35 a factor of 281563?
False
Is 17 a factor of 1309172?
False
Is 272 a factor of 11364976?
True
Does 35 divide 8600742?
False
Is 35313 even?
False
Does 34 divide 3241102?
False
Is 152 a factor of 42104?
True
Is 49 a factor of 2047955?
True
Does 378 divide 1982190?
False
Does 9 divide 31086?
True
Is 166 a factor of 832891?
False
Is 3 a factor of 11967?
True
Does 1288 divide 38038686?
False
Is 25 a factor of 2225323?
False
Is 63 a factor of 295868?
False
Is 16 a factor of 1400696?
False
Is 109 a factor of 304873?
True
Is 543761 a multiple of 351?
False
Is 636359 a multiple of 8?
False
Is 1967602 a multiple of 266?
True
Is 22 a factor of 205363?
False
Is 11 a factor of 1616411?
False
Is 46467 a multiple of 4?
False
Does 1191 divide 9016932?
False
Is 40906 even?
True
Is 21565540 a multiple of 10?
True
Is 43 a factor of 4666102?
True
Is 17165 a multiple of 2?
False
Does 230 divide 1083613?
False
Is 902559 a multiple of 144?
False
Does 8 divide 171696?
True
Is 100 a factor of 350700?
True
Is 178733 a multiple of 38?
False
Is 193270 a multiple of 22?
True
Is 400842 a multiple of 22?
False
Is 462 a factor of 72229?
False
Does 587 divide 5551920?
False
Does 1340 divide 920580?
True
Is 33 a factor of 24915?
True
Does 5 divide 316260?
True
Is 432 a factor of 10547807?
False
Is 583 a factor of 1768822?
True
Is 1032171 a multiple of 398?
False
Is 3600248 a multiple of 87?
False
Is 27104 a multiple of 77?
True
Does 9 divide 124137?
True
Does 66 divide 3644874?
False
Is 55 a factor of 1223530?
True
Is 109815 a multiple of 80?
False
Is 5 a factor of 1429484?
False
Is 417 a factor of 21492565?
False
Is 9881760 a multiple of 8?
True
Is 927446 a multiple of 13?
True
Does 7 divide 4799?
False
Does 278 divide 515756?
False
Is 65 a factor of 303254?
False
Does 864 divide 2711232?
True
Does 15 divide 1425000?
True
Is 697953 a multiple of 404?
False
Does 9 divide 317250?
True
Does 98 divide 2302543?
False
Does 2 divide 574308?
True
Is 550 a factor of 2351800?
True
Does 81 divide 320112?
True
Is 23697078 a multiple of 1459?
True
Is 18 a factor of 261007?
False
Does 331 divide 338282?
True
Is 13 a factor of 1301433?
False
Does 21 divide 105252?
True
Is 5 a factor of 61375?
True
Is 23 a factor of 37009093?
True
Does 95 divide 31361?
False
Does 20 divide 18360?
True
Is 625 a factor of 301481?
False
Is 4 a factor of 1084011?
False
Is 207499 a multiple of 25?
False
Is 182 a factor of 67466?
False
Is 24 a factor of 36624?
True
Does 156 divide 10128322?
False
Is 7387279 a multiple of 231?
False
Does 43 divide 325810?
False
Is 340664 a multiple of 439?
True
Does 24 divide 1597632?
True
Does 43 divide 12224212?
True
Does 69 divide 75555?
True
Is 4 a factor of 2415736?
True
Does 1008 divide 11887730?
False
Does 144 divide 132704?
False
Is 38858 a multiple of 15?
False
Does 804 divide 7803357?
False
Is 191445 a multiple of 11?
False
Does 469 divide 612116?
False
Is 196127 a multiple of 31?
False
Is 79683 a multiple of 6?
False
Is 25 a factor of 10198661?
False
Does 144 divide 350313?
False
Does 222 divide 2128948?
False
Is 13425856 a multiple of 181?
True
Is 811939 a multiple of 31?
False
Is 12707765 a multiple of 125?
False
Does 86 divide 275265?
False
Does 215 divide 325908?
False
Does 23 divide 532933?
True
Is 154929 a multiple of 11?
False
Is 445 a factor of 9284279?
False
Is 14656432 a multiple of 1223?
True
Is 1310776 a multiple of 333?
False
Is 2 a factor of 133828?
True
Is 1102576 a multiple of 137?
True
Is 796524 a multiple of 472?
False
Does 68 divide 174044?
False
Is 133104 a multiple of 24?
True
Does 222 divide 154721?
False
Does 288 divide 296640?
True
Is 924761 a multiple of 23?
True
Is 185600 a multiple of 200?
True
Is 411834 a multiple of 37?
False
Does 116 divide 96396?
True
Is 244 a factor of 254888?
False
Does 559 divide 297313?
False
Is 18 a factor of 3034926?
True
Is 290 a factor of 6482555?
False
Is 2155 a multiple of 2?
False
Does 95 divide 135660?
True
Is 681168 a multiple of 92?
True
Is 716904 a multiple of 12?
True
Is 30144 a multiple of 6?
True
Is 121 a factor of 3012594?
False
Is 17653371 a multiple of 287?
False
Is 172 a factor of 3140204?
True
Is 3212097 a multiple of 41?
False
Is 13 a factor of 4890186?
False
Is 23 a factor of 202023?
False
Is 135024 a multiple of 5?
False
Is 946720 a multiple of 40?
True
Is 807 a factor of 1725791?
False
Is 5453963 a multiple of 28?
False
Is 3923304 a multiple of 264?
True
Is 15025 a multiple of 22?
False
Is 2914857 a multiple of 322?
False
Is 337393 a multiple of 307?
True
Is 4826539 a multiple of 3?
False
Is 1299 a factor of 3035763?
True
Is 1564260 a multiple of 174?
True
Is 14 a factor of 13269662?
True
Does 24 divide 533568?
True
Is 83 a factor of 244352?
True
Is 8 a factor of 5149750?
False
Is 628285 a multiple of 25?
False
Is 105 a factor of 47825?
False
Is 49230 a multiple of 15?
True
Does 60 divide 755280?
True
Does 15 divide 2503365?
True
Is 200802 a multiple of 589?
False
Is 813434 a multiple of 47?
False
Is 24358212 a multiple of 50?
False
Is 1257144 a multiple of 14?
True
Is 155 a factor of 74710?
True
Is 1790721 a multiple of 87?
True
Does 70 divide 748510?
True
Is 16 a factor of 188464?
True
Is 179192 a multiple of 104?
True
Does 7 divide 1756449?
False
Does 56 divide 143752?
True
Does 81 divide 1108342?
False
Does 323 divide 2916367?
True
Does 9 divide 1377256?
False
Is 23 a factor of 33496?
False
Does 18 divide 19310080?
False
Is 755384 a multiple of 8?
True
Does 3 divide 2064870?
True
Does 37 divide 902023?
True
Is 8 a factor of 116736?
True
Does 300 divide 3503373?
False
Is 2511488 a multiple of 16?
True
Does 784 divide 2324560?
True
Is 596 a factor of 3656536?
False
Does 10 divide 277340?
True
Is 264290 a multiple of 130?
True
Does 39 divide 75480?
False
Is 2060443 a multiple of 305?
False
Is 180 a factor of 2322360?
True
Is 195 a factor of 114855?
True
Is 294537 a multiple of 9?
False
Is 13 a factor of 102687?
True
Does 9 divide 3167235?
True
Is 94473 a multiple of 20?
False
Is 231 a factor of 199122?
True
Is 348119 a multiple of 491?
True
Does 238 divide 7616?
True
Is 242247 a multiple of 4?
False
Is 8 a factor of 4509674?
False
Is 13421773 a multiple of 138?
False
Is 50250 a multiple of 10?
True
Does 7 divide 940971?
False
Does 92 divide 62158?
False
Is 8 a factor of 87546?
False
Does 28 divide 193369?
False
Does 38 divide 24180797?
False
Is 278908 even?
True
Does 98 divide 2103864?
True
Is 149978 a multiple of 338?
False
Is 113 a factor of 108480?
True
Does 301 divide 743436?
False
Is 5703211 a multiple of 485?
False
Is 7 a factor of 1475706?
False
Is 1920777 a multiple of 48?
False
Is 28 a factor of 3409924?
True
Is 1522416 a multiple of 46?
True
Does 370 divide 381381?
False
Is 2144997 a multiple of 50?
False
Is 3656305 a multiple of 812?
False
Does 34 divide 21025872?
True
Does 324 divide 5928823?
False
Is 812490 a multiple of 265?
True
Is 61619 a multiple of 43?
True
Does 515 divide 289945?
True
Is 47333 a multiple of 11?
True
Is 243 a factor of 21145192?
False
Is 1091880 a multiple of 12?
True
Is 16 a factor of 3864704?
True
Is 28 a factor of 136024?
True
Is 223 a factor of 653074?
False
Does 157 divide 3089446?
True
Is 19 a factor of 8379?
True
Is 520736 a multiple of 106?
False
Is 74 a factor of 17507?
False
Is 4 a factor of 87027?
False
Is 403124 a multiple of 11?
False
Is 968948 a multiple of 153?
False
Is 35 a factor of 407636?
False
Is 138 a factor of 157182?
True
Does 8 divide 119217?
False
Is 25 a factor of 232100?
True
Is 36 a factor of 8697060?
True
Is 469633 a multiple of 1297?
False
Does 187 divide 107712?
True
Does 14 divide 2796136?
True
Does 130 divide 495539?
False
Is 503950 a multiple of 25?
True
Is 179988 a multiple of 106?
True
Does 22 divide 2578576?
True
Is 738 a factor of 6453072?
True
Is 10270176 a multiple of 168?
True
Is 78 a factor of 3811470?
True
Is 26520 a multiple of 29?
False
Does 15 divide 336165?
True
Is 15 a factor of 240270?
True
Does 67 divide 355234?
True
Is 1391 a factor of 16533426?
True
Does 1903 divide 7481056?
False
Is 11 a factor of 252903?
False
Is 107522 a multiple of 18?
False
Is 184140 a multiple of 12?
True
Is 133 a factor of 4662315?
True
I